Calculate the greatest common factor of 16268 and 419230427.
4067
What is the highest common divisor of 126 and 5953031?
7
What is the highest common divisor of 1512 and 560873754?
378
Calculate the highest common divisor of 144 and 945794484.
36
Calculate the highest common divisor of 23151540 and 3420.
60
What is the highest common factor of 12133485 and 75?
15
Calculate the greatest common divisor of 23951439 and 36.
9
Calculate the highest common factor of 156489858 and 1044.
522
Calculate the greatest common divisor of 5857958 and 146.
146
What is the greatest common factor of 3696252 and 2044?
28
Calculate the highest common divisor of 123 and 1788581253.
123
Calculate the highest common factor of 693083 and 17903801.
5059
Calculate the greatest common factor of 10234 and 239266706.
602
What is the greatest common factor of 731 and 8313491?
43
What is the greatest common factor of 873399 and 73832?
839
What is the highest common divisor of 427 and 224269367?
427
What is the highest common factor of 15894 and 2651202?
18
Calculate the highest common factor of 3587 and 36227223.
211
What is the highest common factor of 447250 and 99500?
250
What is the greatest common factor of 1148490490 and 22890?
7630
Calculate the greatest common factor of 1326 and 7020711.
51
What is the highest common divisor of 61460 and 275555?
35
Calculate the highest common divisor of 7560 and 4034232.
216
Calculate the greatest common factor of 476 and 8559992.
28
Calculate the highest common factor of 105 and 39493035.
15
Calculate the highest common factor of 806 and 102362.
806
Calculate the highest common factor of 1348371 and 1398.
699
Calculate the greatest common factor of 229075 and 13825.
175
Calculate the greatest common factor of 4605201 and 456057.
513
What is the greatest common factor of 542790 and 535131?
333
What is the greatest common factor of 168416 and 5122007?
277
What is the highest common factor of 416494 and 1292642?
2158
What is the greatest common factor of 46510002 and 55442?
2918
Calculate the highest common factor of 36841 and 77150317.
5263
Calculate the highest common divisor of 457766800 and 600.
200
What is the greatest common divisor of 486414929 and 1106?
553
Calculate the greatest common factor of 10740 and 1079907.
537
What is the greatest common divisor of 89257020 and 12?
12
Calculate the highest common factor of 3773 and 52610369.
343
What is the highest common divisor of 19908090 and 126?
18
Calculate the highest common divisor of 5540 and 106826435.
1385
Calculate the greatest common factor of 2856 and 854049.
21
What is the greatest common divisor of 12433112 and 232?
232
Calculate the greatest common factor of 301344 and 555904.
1376
Calculate the greatest common divisor of 280 and 10760040.
40
What is the highest common divisor of 9722317 and 1717?
17
What is the highest common divisor of 1540 and 25943500?
220
What is the highest common divisor of 1796 and 45720772?
1796
Calculate the highest common factor of 23202 and 1014.
6
Calculate the highest common factor of 3598 and 27118.
14
Calculate the highest common factor of 2450574 and 810.
162
Calculate the highest common divisor of 20 and 1053870860.
20
What is the highest common factor of 464 and 6369676?
116
Calculate the greatest common divisor of 78385 and 540.
5
Calculate the highest common divisor of 515 and 184180.
5
What is the greatest common factor of 468 and 154314407?
13
Calculate the greatest common divisor of 323015430 and 20.
10
What is the greatest common factor of 41769549 and 63?
9
Calculate the highest common factor of 872673 and 6915.
1383
Calculate the highest common factor of 14714 and 43232.
14
Calculate the greatest common divisor of 3176114 and 994.
142
What is the greatest common factor of 633659 and 1064999?
1027
Calculate the highest common divisor of 21840 and 7535190.
390
What is the greatest common divisor of 49353212 and 242128?
1636
What is the greatest common divisor of 35807878 and 2?
2
What is the highest common factor of 43 and 2703926?
43
Calculate the greatest common factor of 546 and 137220.
6
Calculate the greatest common factor of 5896 and 1443984.
536
What is the highest common factor of 2100 and 6476700?
300
What is the highest common divisor of 2148470 and 70409?
181
What is the greatest common factor of 2142 and 3682574?
238
What is the highest common divisor of 9435769 and 49?
7
Calculate the greatest common divisor of 1933659 and 31941.
2457
Calculate the highest common factor of 120859505 and 4225.
845
What is the highest common factor of 237 and 174506576?
79
What is the highest common divisor of 353606 and 2255?
11
What is the highest common divisor of 39255 and 315330?
15
Calculate the highest common factor of 74508910 and 130.
10
What is the highest common divisor of 2028 and 924092?
676
What is the highest common factor of 663326154 and 36?
18
Calculate the highest common factor of 43488 and 13984.
32
What is the highest common divisor of 54 and 7673808?
6
Calculate the highest common divisor of 2905094 and 14656.
458
What is the greatest common divisor of 10803788 and 2362?
2362
What is the greatest common divisor of 728 and 48062014?
182
Calculate the greatest common divisor of 379621320 and 12.
12
What is the greatest common factor of 375936 and 3597?
33
Calculate the greatest common divisor of 1768698 and 500229.
873
Calculate the greatest common divisor of 27672554 and 236470.
2782
Calculate the greatest common factor of 16492921 and 11133.
1237
What is the greatest common factor of 103074068 and 25816?
1844
Calculate the greatest common factor of 51 and 69702.
3
Calculate the greatest common divisor of 23524172 and 28.
28
What is the highest common divisor of 16864 and 6811900?
68
Calculate the highest common divisor of 1392 and 3736476.
348
Calculate the highest common divisor of 1258 and 147816998.
74
Calculate the greatest common factor of 880 and 3572636.
4
What is the greatest common factor of 1001230 and 4838?
118
Calculate the highest common divisor of 7582896 and 12312.
648
What is the highest common factor of 66830686 and 817?
43
Calculate the highest common factor of 28524 and 656.
4
What is the highest common divisor of 15164640 and 1690?
10
What is the highest common factor of 2613 and 1450267?
13
What is the highest common factor of 5193664 and 10?
2
What is the highest common divisor of 3404 and 320252?
92
What is the greatest common divisor of 171708453 and 63?
63
Calculate the greatest common divisor of 357864206 and 98.
14
What is the greatest common factor of 43340 and 977317?
2167
What is the greatest common divisor of 3336715 and 37154?
1429
What is the highest common divisor of 8200 and 7578112?
328
What is the highest common divisor of 19098 and 273326332?
2122
Calculate the highest common divisor of 15379500 and 10.
10
What is the highest common divisor of 2680290 and 1701?
243
What is the greatest common divisor of 49475301 and 4398?
2199
What is the greatest common factor of 20510378 and 56?
14
What is the greatest common divisor of 10774913 and 411?
137
What is the greatest common factor of 2371550 and 16?
2
Calculate the highest common factor of 323063 and 1105.
13
What is the greatest common factor of 449788 and 5152?
92
Calculate the greatest common divisor of 33 and 11135091.
33
Calculate the greatest common factor of 323300 and 457988.
244
Calculate the greatest common divisor of 2472 and 32964429.
309
Calculate the greatest common divisor of 1352 and 1869552.
8
What is the greatest common divisor of 680 and 671663540?
340
Calculate the greatest common divisor of 935 and 298907345.
935
What is the greatest common divisor of 31 and 175053280?
31
What is the greatest common divisor of 45229056 and 3840?
768
What is the highest common factor of 2121 and 254205?
21
Calculate the highest common factor of 13946190 and 6880.
430
What is the greatest common factor of 20757 and 3753243?
1887
What is the highest common factor of 771840 and 29520?
720
Calculate the greatest common divisor of 728290 and 64320.
670
What is the greatest common factor of 22500 and 156032100?
900
What is the highest common divisor of 452053656 and 18?
18
Calculate the highest common factor of 542718 and 2